b + 4*u + 2 = 0, -2*b = u - 7 + 18. Calculate the remainder when 47 is divided by w(b).
11
Suppose -5*r - 3 - 152 = 0. Let s = r + 52. Suppose -3*y = 0, -2*l + y + s = -11. Calculate the remainder when 60 is divided by l.
12
Let z(v) = -v**3 - 2*v**2 + 15*v + 3. What is the remainder when 69 is divided by z(-6)?
12
Let b = 2196 - 2174. Calculate the remainder when (-1)/(1*3/(-651)) is divided by b.
19
Let b be (55/10)/(1/12). Suppose d + d = b. What is the remainder when 45 is divided by 2/11 - (-390)/d?
9
Suppose t - 39 = -3*w + 2*w, -3*t = -4*w - 96. What is the remainder when 394 is divided by t?
34
Suppose 9*f - 6 = 3*u + 12*f, 4*f - 8 = 0. Let v(g) = -g**2 + 8*g - 6. Calculate the remainder when 845/39 + (u/3)/(-1) is divided by v(6).
5
Let b(u) = 10*u + 1. Let h be b(1). Let r = h - -2. Suppose -f + 39 = r. Calculate the remainder when 75 is divided by f.
23
Let b(j) = -168*j**3 + j**2 + j + 1. What is the remainder when b(-1) is divided by 85?
84
Let j(l) = l**2 - l + 24. Calculate the remainder when 229 is divided by j(-4).
9
Let q = 6 - 3. Let d(r) = r**2 + 23*r + 5. Let x be d(-23). What is the remainder when 23 is divided by q + (3 + x - 3)?
7
Calculate the remainder when (8 + -6 - 23*-3)/1 is divided by 9.
8
Let j(w) = -10*w**3 + 7*w + 8. What is the remainder when j(-3) is divided by 66?
59
Suppose u = -11*h + 8*h + 242, 0 = 3*u - 2*h - 682. Calculate the remainder when u is divided by 14.
6
Let k(w) = w. Let q be k(4). Let z = 30 + q. Calculate the remainder when z is divided by 12.
10
Let h = -155 - -202. What is the remainder when 327 is divided by h?
45
Suppose 5*f = 2*f + 27. Let p = 262 + -259. What is the remainder when f is divided by p?
0
Let k(m) = 4*m**2. Let j be k(1). Let v be 12/(-36) - (-122)/6. Suppose -v = j*c - 5*c. What is the remainder when 97 is divided by c?
17
Let f(j) = -38*j**3 + 4*j**2 + 8*j + 3. What is the remainder when 138 is divided by f(-1)?
27
Suppose 0*v = -5*v + w + 372, 2*v = -4*w + 140. What is the remainder when 79 is divided by 1/(-2)*(1 - 7 - v)?
39
Suppose 4*v - 12 = 0, -174*w + 517 = -172*w - v. What is the remainder when w is divided by 22?
18
Suppose -2175 = -14*r - 229. What is the remainder when r is divided by 48?
43
Suppose -2*j = -o + j + 11, -j = 0. Suppose 468 = 2*r + o*r. What is the remainder when 103 is divided by r?
31
Let b(a) = 3*a. Let j be 1/(12/(-8))*-9. Suppose 0 = -2*s + 5*u + 36, -u - j = -4*s + 30. Calculate the remainder when b(7) is divided by s.
5
Suppose 3*s - 72 = -0*s. Let j be 7/2*s/21. Suppose -2*h + 398 = 4*l, 2*h = 6 + j. Calculate the remainder when l is divided by 25.
22
Suppose -12 = 2*c - 66. Suppose -4*o - c = -75. Calculate the remainder when 43 is divided by o.
7
What is the remainder when ((-160)/120)/(1/(-129)) is divided by 25?
22
Let u be 20/(-30) + (-2)/(-3). Let q = u + -2. What is the remainder when 20 is divided by 2 - (-4)/((-2)/q)?
2
Let x = 83 - 78. Suppose -b - 3*g = 2 - 58, -228 = -x*b - 2*g. What is the remainder when 173 is divided by b?
41
Let s = -1018 - -1053. What is the remainder when 122 is divided by s?
17
Suppose -132 = -4*j - 4*f, 3*j - 2*f - 90 + 16 = 0. Let o = -72 + 50. Let x = o + j. Calculate the remainder when 23 is divided by x.
5
Let q(h) = h**2 - 10*h + 199. What is the remainder when q(0) is divided by 20?
19
Suppose 0 = 5*p - 93 - 87. Let z be (-50)/(-18) - (-8)/p. Suppose 2*w - 13 = -j, 5*j - 3*j - z*w = 47. What is the remainder when 37 is divided by j?
18
Let y be (0 - -1)/((-1)/(-6)). Calculate the remainder when (5 - 1)*(-11 + -6 + 18) is divided by (y + 0)*2/4.
1
Suppose -8*n + 36 = -4*k + 5*k, -2*n = -4*k + 42. Suppose -5*d + 5 = 0, -5*y + 3*d + 216 = -246. Calculate the remainder when y is divided by k.
9
Let f = 25 + -13. Suppose 0 = -2*s - 4*b - f, -4*s + s + 2*b = -6. Suppose 4*w + 20 = s, 2*c - 28 = -2*c + 4*w. What is the remainder when 4 is divided by c?
0
Let w(t) = t**3 - 5*t**2 + 7*t. Calculate the remainder when 20*(320/(-288))/((-2)/9) is divided by w(5).
30
Suppose -4*v - 6*v + 1930 = 0. Calculate the remainder when v is divided by 42.
25
Let y(j) = -15*j - 31. Calculate the remainder when -1 + 122 - (0 - 2) is divided by y(-3).
11
Calculate the remainder when 1*(9 - 3) + -2 + 219 is divided by 77.
69
What is the remainder when 20 - 0 - (8 - 2) is divided by (-2)/7 - 37/(-7)?
4
Let u be 39/(-12) + ((-2)/(-8))/1. Suppose -8*y + 3*y - 2*b + 9 = 0, -10 = -5*b. What is the remainder when y is divided by (u/(12/8) - -3)/1?
0
Let g = 662 + -651. Suppose -8 = 4*x - q, 3*x - 2*q - 2*q = -6. Calculate the remainder when g is divided by 6*x/(-16)*4.
2
Let b(c) = 3*c**2 - 4*c - 7. Suppose 2*m + f + 15 = 0, 2*m - 10 = 6*m - 2*f. Calculate the remainder when b(m) is divided by 30.
28
Let k(j) = 2*j**2 + 3*j - 7. Calculate the remainder when 23 is divided by k(-4).
10
Suppose n + 9*s - 4*s = 18, 0 = -n - s + 18. Calculate the remainder when 76 is divided by n.
4
Let w = -407 + 425. What is the remainder when 93 is divided by w?
3
Let f be (-8)/(-12) - 49/(-3). Suppose 43 = 2*y - f. Calculate the remainder when y is divided by (-224)/(-42)*(-6)/(-4).
6
Suppose t + 2*t + t = 0. Let c = 12 - t. Calculate the remainder when 28 is divided by c.
4
Let k(l) = -5*l + 127. What is the remainder when 97 is divided by k(22)?
12
What is the remainder when 66 is divided by (3015/20)/9 + 5/20?
15
What is the remainder when 129 is divided by (-62)/3*2*3690/(-1640)?
36
Let b be (-12)/(-10)*25/(-10). Calculate the remainder when 9 is divided by -2 - b*10/5.
1
Suppose -40*d + 60*d = 1540. What is the remainder when 239 is divided by d?
8
Let s(y) = y**3 + 12*y**2 - 7*y - 10. Let z = -134 + 149. What is the remainder when s(-12) is divided by z?
14
Let p be 3 + (-2 - (0 - 0)). Let q(w) = w**3 + 0*w**2 + w**3 + p + 2*w**2 - 7*w**3. What is the remainder when q(-2) is divided by 17?
15
Suppose 49*p + 1132 = 3092. What is the remainder when 631 is divided by p?
31
Let l = -61 - -92. Suppose -l*q = -34*q + 39. Calculate the remainder when 61 is divided by q.
9
Suppose -11*x = -10*x - 3*l - 18, -4*x + l + 50 = 0. Suppose -13*m = -x*m - 147. What is the remainder when m is divided by 30?
27
Let n = -34 - -25. Calculate the remainder when 11 is divided by (2/(-6))/(1/n).
2
Let y(w) = w**3 - 5*w - 3. Let a be y(-3). Let j(c) = c**2 + 11*c - 20. What is the remainder when j(a) is divided by 14?
12
Let h = -8 + 11. Suppose 0 = -2*i - 9 - h. Let t = -2 - i. What is the remainder when 14 is divided by t?
2
Let w(d) = 65*d**3 + d**2 - 2*d. Suppose -7 = 10*z - 17*z. What is the remainder when w(z) is divided by 33?
31
Suppose -7*m + 4*m + 333 = 0. Let d = 3 + m. What is the remainder when d is divided by 13?
10
Let u be (-50)/(-6) - 9/27. Calculate the remainder when (198/(-4) - -6)*u/(-6) is divided by 20.
18
Suppose -13 = m + 5*y, -4*m + 11 = 3*y - 5. Suppose 4*n - 6 = -2*n. Calculate the remainder when m is divided by 10 - 3 - (3 + n).
1
Suppose -3*z + 15 = q, q - z = -7 + 2. Suppose a - 3 = q, 2*d + 3*a - 53 = 4*a. What is the remainder when 40 is divided by d?
12
Suppose -426 = -24*u + 78. What is the remainder when 122 is divided by u?
17
Let q = -3 - -5. Suppose 28 = -3*i + 34. Suppose 0 = -2*p - q*m + i, -3*p - m - 14 = -5*p. What is the remainder when 24 is divided by p?
4
Calculate the remainder when (2 - -2) + -26 + 64 is divided by 8.
2
Let b be 7*(-4 + 130/35). What is the remainder when (-8)/4*b + 7 is divided by 0 + -3*(3 + -6)?
2
What is the remainder when 61 is divided by (-31)/(2 + -9 - -6)?
30
Let w(m) = -m**2 - 12*m - 6. Let h be w(-11). Let x = 24 + -6. What is the remainder when x is divided by (16/h)/((16/(-10))/(-4))?
2
Suppose 26 + 64 = 3*z + 4*q, 0 = -5*z + 5*q + 185. What is the remainder when 131 is divided by z?
29
Let y = 8 - 10. Suppose -2*j + 19 = -3. What is the remainder when j is divided by 7 + (-1 - 0/y)?
5
Let p(m) = -m**3 + 13*m**2 - 11*m - 14. Let o be p(12). What is the remainder when ((-66)/4)/(o/8) is divided by 17?
15
What is the remainder when 51 is divided by (-4488)/(-110) + (-3)/(-15)?
10
Let z be ((-2)/3)/(10/(-90)). Let m be (-32)/z*(-30)/8. Suppose 3*v - m = 40. What is the remainder when 37 is divided by v?
17
Calculate the remainder when 43 is divided by ((-144)/40)/((-11)/55).
7
Let p(j